8 and 24?
24
What is the highest common divisor of 3168 and 308?
44
Calculate the greatest common divisor of 1 and 11.
1
What is the highest common factor of 13 and 1287?
13
What is the greatest common divisor of 1173 and 69?
69
What is the highest common factor of 10 and 670?
10
Calculate the greatest common factor of 352 and 4048.
176
Calculate the greatest common divisor of 128 and 352.
32
What is the greatest common divisor of 47 and 3901?
47
Calculate the greatest common divisor of 6 and 7734.
6
Calculate the greatest common divisor of 8 and 2264.
8
What is the highest common factor of 65 and 260?
65
Calculate the highest common factor of 546 and 16744.
182
Calculate the highest common factor of 224 and 4064.
32
What is the highest common factor of 69 and 92?
23
Calculate the highest common factor of 6951 and 28.
7
What is the highest common factor of 284 and 39334?
142
Calculate the greatest common factor of 93 and 217.
31
What is the greatest common divisor of 55 and 187?
11
What is the highest common divisor of 39758 and 386?
386
What is the greatest common divisor of 38 and 2394?
38
What is the greatest common factor of 3519 and 68?
17
Calculate the greatest common divisor of 198 and 88.
22
Calculate the greatest common divisor of 2623 and 549.
61
Calculate the highest common divisor of 52 and 130.
26
Calculate the greatest common factor of 135 and 30.
15
Calculate the highest common factor of 43 and 860.
43
What is the highest common factor of 1404 and 104?
52
What is the greatest common factor of 105 and 168?
21
What is the greatest common divisor of 154 and 2596?
22
What is the highest common factor of 1134 and 504?
126
What is the greatest common factor of 172 and 473?
43
Calculate the greatest common factor of 50 and 74450.
50
Calculate the greatest common divisor of 24 and 104.
8
What is the highest common divisor of 5 and 16?
1
What is the greatest common factor of 96 and 6?
6
Calculate the greatest common divisor of 85 and 86105.
85
Calculate the greatest common divisor of 1235 and 95.
95
Calculate the greatest common divisor of 14 and 574.
14
What is the highest common divisor of 81 and 387?
9
Calculate the highest common factor of 36 and 3.
3
What is the highest common divisor of 51 and 17?
17
Calculate the greatest common factor of 98 and 1127.
49
Calculate the greatest common factor of 2178 and 693.
99
Calculate the highest common divisor of 74 and 37.
37
Calculate the greatest common divisor of 63 and 54.
9
What is the greatest common factor of 2 and 142?
2
Calculate the highest common factor of 14 and 5.
1
What is the highest common factor of 112 and 42?
14
What is the highest common divisor of 704 and 66?
22
Calculate the greatest common factor of 637 and 182.
91
What is the highest common factor of 720 and 45?
45
Calculate the greatest common divisor of 31 and 3224.
31
What is the greatest common divisor of 400 and 160?
80
Calculate the highest common factor of 7 and 259.
7
What is the greatest common divisor of 152 and 3268?
76
What is the highest common divisor of 12 and 92?
4
Calculate the greatest common divisor of 114 and 4598.
38
Calculate the greatest common factor of 102 and 2414.
34
Calculate the highest common divisor of 33 and 319.
11
What is the greatest common factor of 33 and 44?
11
Calculate the highest common factor of 846 and 1674.
18
What is the greatest common factor of 5892 and 12?
12
Calculate the highest common divisor of 162 and 41634.
162
What is the greatest common factor of 312 and 39?
39
What is the greatest common factor of 481 and 13?
13
Calculate the highest common factor of 168 and 1792.
56
Calculate the greatest common factor of 105 and 70.
35
What is the greatest common divisor of 5 and 515?
5
Calculate the highest common divisor of 10 and 4570.
10
What is the greatest common divisor of 3940 and 40?
20
Calculate the greatest common factor of 88 and 88.
88
What is the greatest common divisor of 67 and 14405?
67
Calculate the highest common factor of 7596 and 180.
36
What is the highest common divisor of 28 and 8?
4
Calculate the greatest common factor of 22 and 88.
22
What is the greatest common divisor of 850 and 100?
50
Calculate the greatest common divisor of 95 and 1520.
95
Calculate the highest common divisor of 15 and 310.
5
Calculate the highest common factor of 36 and 68.
4
What is the greatest common factor of 4 and 26?
2
Calculate the greatest common factor of 465 and 2697.
93
Calculate the highest common factor of 418 and 38.
38
What is the greatest common divisor of 3894 and 885?
177
Calculate the highest common factor of 1 and 947.
1
What is the greatest common divisor of 1836 and 24?
12
What is the greatest common divisor of 920 and 640?
40
What is the highest common divisor of 32 and 688?
16
What is the highest common divisor of 2154 and 6?
6
Calculate the greatest common factor of 11 and 8767.
11
What is the highest common divisor of 3960 and 1408?
88
Calculate the highest common divisor of 198 and 264.
66
Calculate the highest common divisor of 1050 and 1550.
50
Calculate the greatest common divisor of 12 and 276.
12
Calculate the highest common factor of 437 and 46.
23
Calculate the greatest common factor of 15826 and 164.
82
Calculate the greatest common divisor of 47 and 1081.
47
Calculate the highest common factor of 2 and 15604.
2
Calculate the highest common divisor of 640 and 1888.
32
Calculate the highest common factor of 195 and 24.
3
What is the greatest common divisor of 3710 and 28?
14
What is the greatest common factor of 22 and 1375?
11
What is the highest common factor of 35 and 70?
35
Calculate the greatest common divisor of 99 and 1320.
33
What is the greatest common divisor of 120 and 72?
24
Calculate the highest common divisor of 15 and 1920.
15
Calculate the highest common divisor of 2201 and 31.
31
Calculate the greatest common divisor of 69 and 345.
69
Calculate the highest common factor of 105 and 495.
15
What is the greatest common factor of 5 and 6185?
5
What is the highest common factor of 289 and 272?
17
Calculate the greatest common divisor of 91537 and 239.
239
What is the highest common divisor of 335 and 134?
67
What is the highest common factor of 36 and 1566?
18
What is the highest common divisor of 910 and 13?
13
Calculate the highest common divisor of 60 and 30510.
30
Calculate the highest common divisor of 704 and 192.
64
What is the highest common factor of 532 and 1900?
76
Calculate the greatest common divisor of 16 and 296.
8
Calculate the highest common divisor of 1027 and 13.
13
What is the greatest common divisor of 3 and 39?
3
Calculate the greatest common divisor of 444 and 30.
6
Calculate the greatest common factor of 10153 and 33.
11
What is the greatest common divisor of 64 and 48?
16
What is the greatest common factor of 217 and 31?
31
What is the highest common divisor of 10284 and 84?
12
Calculate the highest common factor of 3003 and 231.
231
What is the highest common divisor of 16 and 1384?
8
Calculate the highest common divisor of 40 and 552.
8
Calculate the highest common divisor of 1164 and 192.
12
What is the highest common factor of 12095 and 5?
5
Calculate the greatest common factor of 4263 and 189.
21
Calculate the greatest common divisor of 7967 and 403.
31
Calculate the highest common divisor of 20296 and 43.
43
Calculate the greatest common divisor of 4592 and 112.
112
What is the greatest common divisor of 34655 and 290?
145
Calculate the highest common divisor of 96 and 3156.
12
Calculate the greatest common factor of 39 and 156.
39
What is the highest common divisor of 194 and 10?
2
Calculate the highest common divisor of 255 and 2635.
85
What is the greatest common divisor of 7 and 35?
7
What is the greatest common divisor of 25 and 290?
5
Calculate the highest common divisor of 236 and 177.
59
Calculate the highest common factor of 310 and 30.
10
Calculate the greatest common factor of 160 and 10800.
80
Calculate the greatest common divisor of 30 and 240.
30
Calculate the highest common divisor of 704 and 16.
16
Calculate the highest common divisor of 130 and 140.
10
Calculate the highest common divisor of 24 and 16.
8
What is the greatest common divisor of 775 and 25?
25
Calculate the highest commo